{"id":1844,"date":"2021-11-29T06:18:44","date_gmt":"2021-11-29T06:18:44","guid":{"rendered":"https:\/\/www.luzukdemo.com\/demo\/computer-repair\/?page_id=1844"},"modified":"2026-02-01T21:09:12","modified_gmt":"2026-02-01T20:09:12","slug":"about","status":"publish","type":"page","link":"https:\/\/crservice.pl\/?page_id=1844","title":{"rendered":"O Nas"},"content":{"rendered":"\n<h1 class=\"wp-block-heading\">DOWIEDZ SI\u0118 WI\u0118CEJ O MNIE \ud83d\ude42<\/h1>\n\n\n\n<h3 class=\"wp-block-heading\">Wszystko zacz\u0119\u0142o si\u0119 od ciekawo\u015bci&#8230;<\/h3>\n\n\n\n<p>Moja przygoda z elektronik\u0105 narodzi\u0142a si\u0119 z prostej, dzieci\u0119cej ch\u0119ci niesienia pomocy. Gdy zepsu\u0142 si\u0119 pierwszy komputer w naszym domu, mimo braku wiedzy, sp\u0119dzi\u0142em godziny na zg\u0142\u0119bianiu tajemnic internetu, by samodzielnie zdiagnozowa\u0107 i naprawi\u0107 usterk\u0119. To niesamowite uczucie satysfakcji i rado\u015b\u0107 bliskiej osoby sprawi\u0142y, \u017ce naprawa sprz\u0119tu sta\u0142a si\u0119 moj\u0105 \u017cyciow\u0105 pasj\u0105.<\/p>\n\n\n\n<h3 class=\"wp-block-heading\">10 lat praktyki w bran\u017cy telekomunikacyjnej<\/h3>\n\n\n\n<p>Z czasem hobby przerodzi\u0142o si\u0119 w solidny zaw\u00f3d. Przez 10 lat pracowa\u0142em w firmie telekomunikacyjnej w Redzie, gdzie w praktyce poznawa\u0142em tajniki nowoczesnych technologii. To w\u0142a\u015bnie tam zdoby\u0142em tward\u0105 wiedz\u0119 w zakresie:<\/p>\n\n\n\n<ul class=\"wp-block-list\">\n<li><strong>Budowania niezawodnych sieci kablowych<\/strong>,<\/li>\n\n\n\n<li><strong>Optymalizacji i ulepszania sygna\u0142u Wi-Fi<\/strong>,<\/li>\n\n\n\n<li><strong>Projektowania oraz monta\u017cu profesjonalnych system\u00f3w monitoringu<\/strong>.<\/li>\n<\/ul>\n\n\n\n<p>Dzi\u0119ki tej dekadzie do\u015bwiadcze\u0144, m\u00f3j serwis jest dzi\u015b miejscem uniwersalnym. Oferuj\u0119 wsparcie, kt\u00f3re \u0142\u0105czy precyzj\u0119 serwisu elektroniki z zaawansowan\u0105 wiedz\u0105 o infrastrukturze sieciowej.<\/p>\n\n\n\n<h3 class=\"wp-block-heading\">Dlaczego w\u0142asna firma?<\/h3>\n\n\n\n<p>Postanowi\u0142em za\u0142o\u017cy\u0107 w\u0142asn\u0105 dzia\u0142alno\u015b\u0107, poniewa\u017c wierz\u0119, \u017ce serwisowanie to co\u015b wi\u0119cej ni\u017c masowa naprawa podzespo\u0142\u00f3w. Sam wielokrotnie spotyka\u0142em si\u0119 z serwisami, kt\u00f3re stawia\u0142y na ilo\u015b\u0107, a nie na jako\u015b\u0107. Moja filozofia jest inna.<\/p>\n\n\n\n<p>Podpisuj\u0119 si\u0119 pod ka\u017cd\u0105 wykonan\u0105 us\u0142ug\u0105 w\u0142asnym imieniem i nazwiskiem. Chc\u0119 promowa\u0107 firm\u0119, w kt\u00f3rej:<\/p>\n\n\n\n<ul class=\"wp-block-list\">\n<li><strong>Ka\u017cde urz\u0105dzenie traktowane jest indywidualnie<\/strong>,<\/li>\n\n\n\n<li><strong>Liczy si\u0119 rzetelno\u015b\u0107 i dba\u0142o\u015b\u0107 o detale<\/strong>,<\/li>\n\n\n\n<li><strong>Najwi\u0119ksz\u0105 zap\u0142at\u0105 jest szcz\u0119\u015bcie i zadowolenie klienta<\/strong>.<\/li>\n<\/ul>\n\n\n\n<p>Dla mnie to nie tylko praca \u2013 to moje hobby i misja, by dostarcza\u0107 rozwi\u0105zania, na kt\u00f3rych mo\u017cesz polega\u0107.<\/p>\n\n\n \n            <div class=\"row\">\n            <div class=\"col-md-4 col-sm-6 col-xs-12 fpost\">\n                        \n                <div class=\"featured-post-box wow fadeInLeft\">\n                   \n                    <div class=\"featured-post\">\n                        <a class=\"secondry-bg\" href=\"https:\/\/crservice.pl\/?our-service=computer-assembling\">\n                             <div class=\"featured-icon\">\n                                <span class=\"\"><\/span>\n                            <\/div>\n                        <\/a>\n\n                        <div class=\"featuredcontent-data\">\n                              <a class=\"secondry-bg\" href=\"https:\/\/crservice.pl\/?our-service=computer-assembling\">\n                                <div class=\"featured-img\">\n                                                      \n                                    <img decoding=\"async\" class=\"secondry-bg img-responsive\" src=\"https:\/\/crservice.pl\/wp-content\/uploads\/2021\/11\/po-scaled.png\" alt=\"Serwis Komputer\u00f3w\" \/>\n                                <\/div>\n                                <\/a>\n                        <div class=\"featured-data\">\n                           <h5 class=\"text\">Serwis Komputer\u00f3w<\/h5> \n                            <div class=\"clearfix\"><\/div> \n                            <p>\n                                Profesjonalna diagnostyka, modernizacja podzespo\u0142\u00f3w oraz optymalizacja PC.\u00a0 \u00a0 \u00a0\u00a0                            <\/p>\n                        <\/div>\n                    <\/div>\n                <\/div> \n                           \n                <div class=\"clearfix\"><\/div>          \n            <\/div>\n            <script>\n  jQuery.noConflict();\n  $(function(){\n    function featuredpostboxHeight(){\n      var ht = 0;\n      $('#innerpage-box .featured-post-box').each(function(i){\n        var tHt = $(this).height();\n        if(ht<tHt){\n          ht=tHt;\n        }\n      });\n      $('#innerpage-box .featured-post-box').height(ht+'px');\n    }\n    featuredpostboxHeight();\n  });\n  $( window ).resize(function(){\n    featuredpostboxHeight();\n  });\n<\/script>\n        <\/div>\n         \n            <div class=\"row\">\n            <div class=\"col-md-4 col-sm-6 col-xs-12 fpost\">\n                        \n                <div class=\"featured-post-box wow fadeInLeft\">\n                   \n                    <div class=\"featured-post\">\n                        <a class=\"secondry-bg\" href=\"https:\/\/crservice.pl\/?our-service=data-recovery\">\n                             <div class=\"featured-icon\">\n                                <span class=\"\"><\/span>\n                            <\/div>\n                        <\/a>\n\n                        <div class=\"featuredcontent-data\">\n                              <a class=\"secondry-bg\" href=\"https:\/\/crservice.pl\/?our-service=data-recovery\">\n                                <div class=\"featured-img\">\n                                                      \n                                    <img decoding=\"async\" class=\"secondry-bg img-responsive\" src=\"https:\/\/crservice.pl\/wp-content\/uploads\/2021\/11\/Projekt-bez-nazwy2.png\" alt=\"Monitoring (CCTV)\" \/>\n                                <\/div>\n                                <\/a>\n                        <div class=\"featured-data\">\n                           <h5 class=\"text\">Monitoring (CCTV)<\/h5> \n                            <div class=\"clearfix\"><\/div> \n                            <p>\n                                Projektowanie i monta\u017c system\u00f3w kamer z podgl\u0105dem online.\u00a0 \u00a0 \u00a0 \u00a0 \u00a0 \u00a0 \u00a0 \u00a0 \u00a0 \u00a0 \u00a0\u00a0\r                            <\/p>\n                        <\/div>\n                    <\/div>\n                <\/div> \n                           \n                <div class=\"clearfix\"><\/div>          \n            <\/div>\n            <script>\n  jQuery.noConflict();\n  $(function(){\n    function featuredpostboxHeight(){\n      var ht = 0;\n      $('#innerpage-box .featured-post-box').each(function(i){\n        var tHt = $(this).height();\n        if(ht<tHt){\n          ht=tHt;\n        }\n      });\n      $('#innerpage-box .featured-post-box').height(ht+'px');\n    }\n    featuredpostboxHeight();\n  });\n  $( window ).resize(function(){\n    featuredpostboxHeight();\n  });\n<\/script>\n        <\/div>\n         \n            <div class=\"row\">\n            <div class=\"col-md-4 col-sm-6 col-xs-12 fpost\">\n                        \n                <div class=\"featured-post-box wow fadeInLeft\">\n                   \n                    <div class=\"featured-post\">\n                        <a class=\"secondry-bg\" href=\"https:\/\/crservice.pl\/?our-service=desktop-repairing\">\n                             <div class=\"featured-icon\">\n                                <span class=\"\"><\/span>\n                            <\/div>\n                        <\/a>\n\n                        <div class=\"featuredcontent-data\">\n                              <a class=\"secondry-bg\" href=\"https:\/\/crservice.pl\/?our-service=desktop-repairing\">\n                                <div class=\"featured-img\">\n                                                      \n                                    <img decoding=\"async\" class=\"secondry-bg img-responsive\" src=\"https:\/\/crservice.pl\/wp-content\/uploads\/2021\/11\/539842012_754111914250848_7683375959598744341_n.jpg\" alt=\"Serwis Laptop\u00f3w\" \/>\n                                <\/div>\n                                <\/a>\n                        <div class=\"featured-data\">\n                           <h5 class=\"text\">Serwis Laptop\u00f3w<\/h5> \n                            <div class=\"clearfix\"><\/div> \n                            <p>\n                                Kompleksowa naprawa wszystkich marek, wymiana matryc i naprawa p\u0142yt g\u0142\u00f3wnych.\u00a0\u00a0\r                            <\/p>\n                        <\/div>\n                    <\/div>\n                <\/div> \n                           \n                <div class=\"clearfix\"><\/div>          \n            <\/div>\n            <script>\n  jQuery.noConflict();\n  $(function(){\n    function featuredpostboxHeight(){\n      var ht = 0;\n      $('#innerpage-box .featured-post-box').each(function(i){\n        var tHt = $(this).height();\n        if(ht<tHt){\n          ht=tHt;\n        }\n      });\n      $('#innerpage-box .featured-post-box').height(ht+'px');\n    }\n    featuredpostboxHeight();\n  });\n  $( window ).resize(function(){\n    featuredpostboxHeight();\n  });\n<\/script>\n        <\/div>\n         \n            <div class=\"row\">\n            <div class=\"col-md-4 col-sm-6 col-xs-12 fpost\">\n                        \n                <div class=\"featured-post-box wow fadeInLeft\">\n                   \n                    <div class=\"featured-post\">\n                        <a class=\"secondry-bg\" href=\"https:\/\/crservice.pl\/?our-service=motherboard-repairing\">\n                             <div class=\"featured-icon\">\n                                <span class=\"\"><\/span>\n                            <\/div>\n                        <\/a>\n\n                        <div class=\"featuredcontent-data\">\n                              <a class=\"secondry-bg\" href=\"https:\/\/crservice.pl\/?our-service=motherboard-repairing\">\n                                <div class=\"featured-img\">\n                                                      \n                                    <img decoding=\"async\" class=\"secondry-bg img-responsive\" src=\"https:\/\/crservice.pl\/wp-content\/uploads\/2021\/11\/s2-img.jpg\" alt=\"Serwis Konsol\" \/>\n                                <\/div>\n                                <\/a>\n                        <div class=\"featured-data\">\n                           <h5 class=\"text\">Serwis Konsol<\/h5> \n                            <div class=\"clearfix\"><\/div> \n                            <p>\n                                Profesjonalna naprawa i konserwacja konsol PlayStation oraz Xbox.\u00a0 \u00a0 \u00a0 \u00a0 \u00a0 \u00a0 \u00a0\r\n                            <\/p>\n                        <\/div>\n                    <\/div>\n                <\/div> \n                           \n                <div class=\"clearfix\"><\/div>          \n            <\/div>\n            <script>\n  jQuery.noConflict();\n  $(function(){\n    function featuredpostboxHeight(){\n      var ht = 0;\n      $('#innerpage-box .featured-post-box').each(function(i){\n        var tHt = $(this).height();\n        if(ht<tHt){\n          ht=tHt;\n        }\n      });\n      $('#innerpage-box .featured-post-box').height(ht+'px');\n    }\n    featuredpostboxHeight();\n  });\n  $( window ).resize(function(){\n    featuredpostboxHeight();\n  });\n<\/script>\n        <\/div>\n         \n            <div class=\"row\">\n            <div class=\"col-md-4 col-sm-6 col-xs-12 fpost\">\n                        \n                <div class=\"featured-post-box wow fadeInLeft\">\n                   \n                    <div class=\"featured-post\">\n                        <a class=\"secondry-bg\" href=\"https:\/\/crservice.pl\/?our-service=sales-service\">\n                             <div class=\"featured-icon\">\n                                <span class=\"\"><\/span>\n                            <\/div>\n                        <\/a>\n\n                        <div class=\"featuredcontent-data\">\n                              <a class=\"secondry-bg\" href=\"https:\/\/crservice.pl\/?our-service=sales-service\">\n                                <div class=\"featured-img\">\n                                                      \n                                    <img decoding=\"async\" class=\"secondry-bg img-responsive\" src=\"https:\/\/crservice.pl\/wp-content\/uploads\/2021\/11\/s5-img.jpg\" alt=\"Outsourcing IT\" \/>\n                                <\/div>\n                                <\/a>\n                        <div class=\"featured-data\">\n                           <h5 class=\"text\">Outsourcing IT<\/h5> \n                            <div class=\"clearfix\"><\/div> \n                            <p>\n                                Sta\u0142a opieka informatyczna, oraz wsparcie techniczne dla Twojej firmy.\u00a0 \u00a0 \u00a0 \u00a0 \u00a0                             <\/p>\n                        <\/div>\n                    <\/div>\n                <\/div> \n                           \n                <div class=\"clearfix\"><\/div>          \n            <\/div>\n            <script>\n  jQuery.noConflict();\n  $(function(){\n    function featuredpostboxHeight(){\n      var ht = 0;\n      $('#innerpage-box .featured-post-box').each(function(i){\n        var tHt = $(this).height();\n        if(ht<tHt){\n          ht=tHt;\n        }\n      });\n      $('#innerpage-box .featured-post-box').height(ht+'px');\n    }\n    featuredpostboxHeight();\n  });\n  $( window ).resize(function(){\n    featuredpostboxHeight();\n  });\n<\/script>\n        <\/div>\n         \n            <div class=\"row\">\n            <div class=\"col-md-4 col-sm-6 col-xs-12 fpost\">\n                        \n                <div class=\"featured-post-box wow fadeInLeft\">\n                   \n                    <div class=\"featured-post\">\n                        <a class=\"secondry-bg\" href=\"https:\/\/crservice.pl\/?our-service=networking\">\n                             <div class=\"featured-icon\">\n                                <span class=\"\"><\/span>\n                            <\/div>\n                        <\/a>\n\n                        <div class=\"featuredcontent-data\">\n                              <a class=\"secondry-bg\" href=\"https:\/\/crservice.pl\/?our-service=networking\">\n                                <div class=\"featured-img\">\n                                                      \n                                    <img decoding=\"async\" class=\"secondry-bg img-responsive\" src=\"https:\/\/crservice.pl\/wp-content\/uploads\/2021\/11\/Gemini_Generated_Image_ixe0n2ixe0n2ixe0.png\" alt=\"Instalacje Teletechniczne\" \/>\n                                <\/div>\n                                <\/a>\n                        <div class=\"featured-data\">\n                           <h5 class=\"text\">Instalacje Teletechniczne<\/h5> \n                            <div class=\"clearfix\"><\/div> \n                            <p>\n                                Budowa sieci LAN\/Wi-Fi, okablowanie strukturalne oraz konfiguracja sieci.\u00a0 \u00a0 \u00a0\r\n                            <\/p>\n                        <\/div>\n                    <\/div>\n                <\/div> \n                           \n                <div class=\"clearfix\"><\/div>          \n            <\/div>\n            <script>\n  jQuery.noConflict();\n  $(function(){\n    function featuredpostboxHeight(){\n      var ht = 0;\n      $('#innerpage-box .featured-post-box').each(function(i){\n        var tHt = $(this).height();\n        if(ht<tHt){\n          ht=tHt;\n        }\n      });\n      $('#innerpage-box .featured-post-box').height(ht+'px');\n    }\n    featuredpostboxHeight();\n  });\n  $( window ).resize(function(){\n    featuredpostboxHeight();\n  });\n<\/script>\n        <\/div>\n        \n","protected":false},"excerpt":{"rendered":"<p>DOWIEDZ SI\u0118 WI\u0118CEJ O MNIE \ud83d\ude42 Wszystko zacz\u0119\u0142o si\u0119 od ciekawo\u015bci&#8230; Moja przygoda z elektronik\u0105 narodzi\u0142a si\u0119 z prostej, dzieci\u0119cej ch\u0119ci niesienia pomocy. Gdy zepsu\u0142 si\u0119 pierwszy komputer w naszym domu, mimo braku wiedzy, sp\u0119dzi\u0142em godziny na zg\u0142\u0119bianiu tajemnic internetu, by samodzielnie zdiagnozowa\u0107 i naprawi\u0107 usterk\u0119. To niesamowite uczucie satysfakcji i rado\u015b\u0107 bliskiej osoby sprawi\u0142y, [&hellip;]<\/p>\n","protected":false},"author":1,"featured_media":0,"parent":0,"menu_order":0,"comment_status":"closed","ping_status":"closed","template":"","meta":{"footnotes":""},"class_list":["post-1844","page","type-page","status-publish","hentry"],"_links":{"self":[{"href":"https:\/\/crservice.pl\/index.php?rest_route=\/wp\/v2\/pages\/1844","targetHints":{"allow":["GET"]}}],"collection":[{"href":"https:\/\/crservice.pl\/index.php?rest_route=\/wp\/v2\/pages"}],"about":[{"href":"https:\/\/crservice.pl\/index.php?rest_route=\/wp\/v2\/types\/page"}],"author":[{"embeddable":true,"href":"https:\/\/crservice.pl\/index.php?rest_route=\/wp\/v2\/users\/1"}],"replies":[{"embeddable":true,"href":"https:\/\/crservice.pl\/index.php?rest_route=%2Fwp%2Fv2%2Fcomments&post=1844"}],"version-history":[{"count":6,"href":"https:\/\/crservice.pl\/index.php?rest_route=\/wp\/v2\/pages\/1844\/revisions"}],"predecessor-version":[{"id":2125,"href":"https:\/\/crservice.pl\/index.php?rest_route=\/wp\/v2\/pages\/1844\/revisions\/2125"}],"wp:attachment":[{"href":"https:\/\/crservice.pl\/index.php?rest_route=%2Fwp%2Fv2%2Fmedia&parent=1844"}],"curies":[{"name":"wp","href":"https:\/\/api.w.org\/{rel}","templated":true}]}}